me factors of 184382594.
2, 11, 257, 32611
List the prime factors of 7084054.
2, 739, 4793
List the prime factors of 21282656.
2, 61, 10903
What are the prime factors of 169813157?
89, 1908013
List the prime factors of 62536852.
2, 7, 2233459
List the prime factors of 19439806.
2, 17, 571759
List the prime factors of 74312908.
2, 23, 807749
List the prime factors of 822160739.
199, 317, 13033
List the prime factors of 103050890.
2, 5, 10305089
What are the prime factors of 53573432?
2, 11, 608789
List the prime factors of 884392552.
2, 31, 3566099
What are the prime factors of 983425428?
2, 3, 9105791
List the prime factors of 614041434.
2, 3, 34113413
What are the prime factors of 38871390?
2, 3, 5, 67, 83, 233
List the prime factors of 255268101.
3, 11, 181, 42737
List the prime factors of 259385810.
2, 5, 67, 467, 829
List the prime factors of 49277287.
49277287
List the prime factors of 11182091.
499, 22409
What are the prime factors of 45332793?
3, 11, 23, 43, 463
What are the prime factors of 66359218?
2, 33179609
List the prime factors of 1464479700.
2, 3, 5, 29, 168331
List the prime factors of 80794369.
80794369
List the prime factors of 1304945812.
2, 1759, 185467
What are the prime factors of 88801663?
88801663
List the prime factors of 2257136693.
7, 43, 113, 66361
List the prime factors of 18504475.
5, 11, 67289
What are the prime factors of 54640273?
47, 1162559
What are the prime factors of 203795803?
163, 1250281
List the prime factors of 584284201.
127, 701, 6563
List the prime factors of 2323483255.
5, 464696651
What are the prime factors of 4725130737?
3, 1575043579
What are the prime factors of 199112652?
2, 3, 409, 13523
List the prime factors of 900816125.
5, 11, 19, 29, 41
What are the prime factors of 162133152?
2, 3, 1688887
List the prime factors of 4016682992.
2, 7, 19, 1887539
List the prime factors of 116523363.
3, 11, 29, 11069
What are the prime factors of 154852085?
5, 761, 40697
What are the prime factors of 15827788?
2, 191, 20717
List the prime factors of 43229520.
2, 3, 5, 60041
What are the prime factors of 2538118?
2, 11, 43, 2683
What are the prime factors of 3472820724?
2, 3, 17, 79, 229, 941
What are the prime factors of 1146082181?
1146082181
List the prime factors of 61784631.
3, 1867, 3677
What are the prime factors of 240906169?
7, 113, 304559
What are the prime factors of 34308548?
2, 23, 83, 4493
List the prime factors of 60352128.
2, 3, 5821
What are the prime factors of 103773555?
3, 5, 89, 2879
List the prime factors of 748835299.
2129, 351731
List the prime factors of 1321168635.
3, 5, 29359303
What are the prime factors of 739442410?
2, 5, 7, 23, 37, 12413
List the prime factors of 1062185212.
2, 11, 3463, 6971
What are the prime factors of 76426366?
2, 479, 79777
What are the prime factors of 163714024?
2, 313, 65381
List the prime factors of 5437383.
3, 7, 47, 787
What are the prime factors of 136709050?
2, 5, 2734181
List the prime factors of 1248023745.
3, 5, 27733861
What are the prime factors of 91243365?
3, 5, 6082891
List the prime factors of 7064359.
7064359
What are the prime factors of 4456147?
4456147
What are the prime factors of 6244610578?
2, 17, 183665017
List the prime factors of 121265216.
2, 17, 227, 491
List the prime factors of 1679121770.
2, 5, 19, 1399, 6317
List the prime factors of 278928832.
2, 7, 13, 47, 1019
What are the prime factors of 126209768?
2, 17, 79, 691
What are the prime factors of 2600313139?
23, 31, 3647003
List the prime factors of 87835792.
2, 11, 499067
List the prime factors of 851125647.
3, 283708549
What are the prime factors of 634891754?
2, 7, 271, 167341
What are the prime factors of 303910858?
2, 6781, 22409
List the prime factors of 2673924786.
2, 3, 13, 11427029
List the prime factors of 337138319.
7, 89, 541153
What are the prime factors of 82352173?
82352173
What are the prime factors of 163602126?
2, 3, 349, 8681
What are the prime factors of 1183851772?
2, 19, 3533, 4409
List the prime factors of 24185332.
2, 31, 195043
List the prime factors of 3993855969.
3, 53, 25118591
What are the prime factors of 234014500?
2, 5, 468029
What are the prime factors of 2885802557?
11, 29, 9046403
List the prime factors of 4437307276.
2, 7307, 151817
What are the prime factors of 1904899213?
7, 727, 374317
What are the prime factors of 114116050?
2, 5, 2282321
What are the prime factors of 80150117?
80150117
What are the prime factors of 11267403?
3, 7, 76649
What are the prime factors of 703534915?
5, 127, 1107929
List the prime factors of 186897278.
2, 397, 401, 587
What are the prime factors of 202466633?
202466633
What are the prime factors of 27158169?
3, 263, 34421
List the prime factors of 387693300.
2, 3, 5, 227, 5693
What are the prime factors of 660025091?
11, 199, 211, 1429
List the prime factors of 1101906290.
2, 5, 110190629
What are the prime factors of 4173415507?
4173415507
What are the prime factors of 113035817?
359, 461, 683
List the prime factors of 450512026.
2, 31, 271, 26813
What are the prime factors of 144392969?
7, 107, 192781
List the prime factors of 876260301.
3, 7, 41726681
List the prime factors of 821836059.
3, 11, 24904123
List the prime factors of 164875195.
5, 32975039
List the prime factors of 314972436.
2, 3, 26247703
List the prime factors of 176607662.
2, 7, 11, 17, 23, 419
List the prime factors of 82002567.
3, 23, 967, 1229
List the prime factors of 4591978095.
3, 5, 79, 3875087
List the prime factors of 1267945642.
2, 353, 1795957
What are the prime factors of 53189285?
5, 307, 34651
List the prime factors of 27473300.
2, 5, 257, 1069
What are the prime factors of 143842970?
2, 5, 67, 214691
What are the prime factors of 11452129?
13, 29, 37, 821
List the prime factors of 704363348.
2, 13, 13545449
List the prime factors of 900491913.
3, 4561, 21937
What are the prime factors of 759612883?
71, 547, 19559
List the prime factors of 131748224.
2, 83, 12401
List the prime factors of 55666277.
167, 333331
List the prime factors of 1252868719.
23, 54472553
What are the prime factors of 276975185?
5, 79, 227, 3089
List the prime factors of 8914894.
2, 4457447
List the prime factors of 34951356.
2, 3, 11, 88261
List the prime factors of 18496185.
3, 5, 1233079
List the prime factors of 8547147.
3, 7, 41, 1103
What are the prime factors of 773116363?
773116363
What are the prime factors of 40342229?
40342229
List the prime factors of 67910568.
2, 3, 11, 61, 4217
What are the prime factors of 99979614?
2, 3, 7, 793489
List the prime factors of 8842970.
2, 5, 29, 30493
List the prime factors of 131849588.
2, 13, 19, 133451
List the prime factors of 816621347.
816621347
List the prime factors of 99812754.
2, 3, 37, 73, 2053
What are the prime factors of 4479023731?
7, 13, 3786157
List the prime factors of 56231098.
2, 7, 11, 365137
List the prime factors of 60117472.
2, 131, 14341
List the prime factors of 98141086.
2, 49070543
What are the prime factors of 12145775?
5, 485831
List the prime factors of 92856540.
2, 3, 5, 7, 221087
List the prime factors of 607476974.
2, 13, 47, 497117
What are the prime factors of 55600001?
55600001
List the prime factors of 3111524974.
2, 1555762487
What are the prime factors of 1878707278?
2, 7, 134193377
What are the prime factors of 529546890?
2, 3, 5, 241, 73243
List the prime factors of 3301354764.
2, 3, 103, 890333
List the prime factors of 1691259730.
2, 5, 19, 468493
List the prime factors of 51722021.
13, 113, 137, 257
What are the prime factors of 43433633?
43433633
What are the prime factors of 2817821534?
2, 11, 128082797
What are the prime factors of 325376366?
2, 7, 149, 22283
List the prime factors of 28682940.
2, 3, 5, 11, 13, 3343
What are the prime factors of 123270391?
127, 970633
List the prime factors of 148287376.
2, 1129, 8209
List the prime factors of 54589632.
2, 3, 59, 61, 79
List the prime factors of 987048624.
2, 3, 229, 89797
List the prime factors of 55919496.
2, 3, 2329979
What are the prime factors of 195626925?
3, 5, 13, 47, 1423
What are the prime factors of 36538291?
36538291
What are the prime factors of 62614611?
3, 6957179
What are the prime factors of 736665381?
3, 2069, 13187
What are the prime factors of 139805976?
2, 3, 1997, 2917
What are t